f (-38)/133 + q/7?
3
Suppose -73*m - 52086 = -373359. What is the units digit of m?
1
Let h be 6/4*4/(-3). Let a(j) = -5*j - 1. What is the units digit of a(h)?
9
Let a be ((-32)/(-40))/((-2)/10). Let n(j) = -2*j**3 - 4*j**2 + 7*j + 1. What is the units digit of n(a)?
7
Let u = 5 + -5. Let x be (-1)/4*u - 33. What is the tens digit of ((-22)/x)/(2/96)?
3
Suppose -5*k + 13 + 2 = 0. What is the units digit of k/(-9) - (-928)/12?
7
Let a = 63 + -59. Suppose -a*c - 4*r = -388, 5*c - 489 = -5*r + r. What is the hundreds digit of c?
1
Suppose 0*m - 15789 = -19*m. What is the hundreds digit of m?
8
Suppose 3*h - s - 921 = -171, h + 3*s = 260. What is the tens digit of h?
5
Suppose -3*a - 3*w + 2970 = 0, -a + 4*w + 848 = -147. What is the hundreds digit of a?
9
Let c be -1*(27 - -3)/(-2). Let i = 12 - c. What is the tens digit of i/2*2 - -24?
2
Let g be (-7)/(-28) + (-479)/(-4). Let p = g + -47. What is the units digit of p?
3
Let u be (-1)/(2 + -2 + 1). Suppose 0 = -24*b + 21*b - 945. What is the units digit of b/(-36) + u/(-4)?
9
Suppose -381*r = -387*r + 7692. What is the hundreds digit of r?
2
Let q(u) = u**2 - 2*u - 3. Let w be q(4). Suppose 3*a + 4*n = w*a - 156, -270 = -3*a - 3*n. What is the units digit of a?
6
Suppose -1176 = -19*n + 11516. Suppose 7*w - n = 830. What is the hundreds digit of w?
2
Suppose -4*s = 2*s - 594. Suppose -4*m - s = -5*l, -6*l = -2*l + 4*m - 108. Let b = l + 34. What is the units digit of b?
7
Let z be 15/(-6)*(2 - 4). Suppose -2*c - 2*d - 1 + 3 = 0, -d - 35 = -z*c. Suppose -c = -3*n + 12. What is the units digit of n?
6
Let f be 6 + -7 - 2*-2. Suppose -4*o = 4*t - 192, f*t + o = -o + 140. What is the units digit of t?
4
Suppose b - 730 + 135 = 0. What is the units digit of b?
5
Let n(f) be the first derivative of -f**2 - 14*f - 8. Let o be n(-7). Suppose o = -3*t - t + 112. What is the units digit of t?
8
Let p be (-2 + -25)*(0 - 1). Let v = p + -6. Let o = v - 18. What is the units digit of o?
3
Let r(k) = -11*k**3 + 9*k**2 + k - 34. What is the thousands digit of r(-6)?
2
Suppose -3*a + 24 = -12. Suppose 0 = -4*y + a - 0. Suppose y*n - 22 = 20. What is the units digit of n?
4
Let k(y) be the third derivative of 13*y**5/60 - 5*y**4/12 + y**3/2 + 6*y**2. What is the units digit of k(4)?
1
Let i(p) = p**2 + 4*p - 8. Let g be i(-6). Suppose -30 + 10 = -g*f. Suppose -f*x = -108 - 12. What is the units digit of x?
4
Suppose 61 - 46 = 5*i. Suppose -i*q + 91 = 4*v, 2*v = 2*q - 3 - 53. What is the tens digit of q?
2
Suppose -3*k - 12 = -3, r - 5*k = 587. What is the hundreds digit of r?
5
Let w = 7926 + -4729. What is the tens digit of w?
9
Suppose 0 = -4*l + 72*o - 69*o + 3360, -l + 840 = 3*o. What is the tens digit of l?
4
Suppose 4*v - 14 = -s, 12*s - 54 = 7*s - 4*v. What is the tens digit of (-81 + 1)*s/(-10)?
8
Let i(d) = -3*d**2 + 47*d - 31. What is the hundreds digit of i(11)?
1
Let h(m) = m**2 + 6*m + 57. What is the tens digit of h(-23)?
4
Let u(z) = -z**2 - 15*z + 4. Let a be -10 + (-8 - (2 - 7)). What is the tens digit of u(a)?
3
Let x(k) = -66*k. Let h be x(-2). Let w = h - 91. What is the units digit of w?
1
Suppose -o = -d - 815, 4*o - 4060 = -o + 2*d. What is the tens digit of o?
1
Suppose 43*y + 63 = 52*y. What is the units digit of y?
7
Let v(j) = -5*j + 47. Let n be v(9). Suppose n*u - u = 16. What is the tens digit of u?
1
Let o = -23 + 26. Let p = -25 - o. Let v = p - -34. What is the units digit of v?
6
Suppose -12*c + 1212 = -2712. What is the units digit of c?
7
Let b = 321 - 14. What is the hundreds digit of b?
3
Let r(t) = -54*t + 893. What is the units digit of r(14)?
7
Suppose -3*m - m = -3*k - 77, -5*m + 96 = -4*k. Suppose -3*t = -0*t - v - 40, 3*t = -4*v + m. Let r = t + -11. What is the units digit of r?
1
Suppose -d = -2*a - 4*d - 10, -5*a + 3*d = 4. Let j be (-321)/(-12) + a/(-8). Let b = j + -1. What is the units digit of b?
6
What is the tens digit of -7*6/21 + 4352?
5
What is the tens digit of (-6260)/(-7) - (-38)/(-133)?
9
Let a(h) = 18*h + 9. Let b be a(-2). Let k be 44 - 0 - 2/(-2). Let o = b + k. What is the units digit of o?
8
Let r = 18 - 10. Suppose 14 = 3*n + r. Suppose -n*h - 60 = -2*k, 18 + 73 = 3*k - 2*h. What is the tens digit of k?
3
Let p be 2 + (4 - 2) - -9. Let d = -9 + p. Suppose d = -4*q + 32. What is the units digit of q?
7
Let b = 0 - -4. Let y be b/5*(-55)/(-22). Suppose -5*l - 5*p + 94 = -31, 44 = y*l - p. What is the tens digit of l?
2
Suppose 4*j - 2 = 18. What is the units digit of 102/(j + -2 + -1)?
1
Suppose 7*s - 150 = 5*s. Let d(u) = -u**2 - 10*u - 9. Let t be d(-6). Suppose 3*z - s = -3*o, -2*z + 0*z + t = -5*o. What is the tens digit of z?
2
Suppose -l + 742 = -243. What is the tens digit of l?
8
Let m(k) = 2*k**2 + 5*k + 3. Let f be m(-3). Let o be -10 - (f/3 + 0). Let d = o - -38. What is the units digit of d?
6
Let p = 6620 - 2853. What is the thousands digit of p?
3
Suppose 0 = 8*t + 160 - 1912. Suppose -70 = h - t. What is the units digit of h?
9
Suppose -6*o + 2*o + 36 = 0. Suppose -z = -o - 0. What is the units digit of z?
9
Let q be (70/15)/((-4)/(-30)). Let d = -35 - -25. Let g = q + d. What is the tens digit of g?
2
Let v(k) = -4*k - 12. Let n be v(5). Let d = -24 - n. Suppose 0 = -m - 0*m + d. What is the units digit of m?
8
Suppose 0 = 6*j - 1197 - 6321. What is the tens digit of j?
5
Let o = 8 - 11. Let j be (-64)/o + (-34)/(-51). Suppose -3 = d - j. What is the tens digit of d?
1
Suppose -54 + 172 = 2*f. Let x = f - 94. What is the units digit of (-95)/x + (-4)/(-14)?
3
Suppose -g - 3*g = -5*u + 325, -4*g = 0. Let i be (-10)/u - (-115)/(-13). Let r = 30 + i. What is the tens digit of r?
2
Let j(l) = 116*l**2 + 7*l - 6. What is the tens digit of j(1)?
1
Suppose 3*z - 14 = -2*b - 1, 0 = 2*b - z - 17. Let r = 12 + b. What is the tens digit of r?
2
Let h(i) = -i**2 + 2*i + 6. Let c be h(5). Let s = c + 8. What is the units digit of 33 - (s + -2 + 0)?
6
Suppose -o - 4*z = -4*o + 100, -o + 3*z + 25 = 0. Suppose p - 68 = o. What is the tens digit of p?
0
Suppose 5*p = -5*z + 1375, 19*p - 522 = -2*z + 24*p. What is the hundreds digit of z?
2
Suppose -6*r - 5*r + 770 = 0. Let p = r - -139. What is the tens digit of p?
0
Let r(i) = -4*i**2 + 2*i + 11. Let v(h) = h**2 + h - 1. Let f(q) = -r(q) - 3*v(q). Suppose -u + 32 = 3*u. What is the units digit of f(u)?
6
Suppose -1248*y + 1231*y + 9299 = 0. What is the hundreds digit of y?
5
Suppose -u - 8*z = -7*z - 290, 2*z = -u + 289. What is the tens digit of u?
9
Let y = -79 + 782. What is the units digit of y?
3
Let h(g) = 3*g + 39. Let z be h(-12). Suppose z*x + 293 = 5*p, 3*p = x - 2*x + 173. What is the tens digit of p?
5
Suppose -58*v - 5036 = -62*v. What is the hundreds digit of v?
2
Let m(j) = -j - 11. Let k be m(-10). Let q be 0 - k - (3 + 5). What is the units digit of (2 - 1)*q/(-1)?
7
What is the tens digit of ((-136)/(-32))/((-5)/(-1040))?
8
Let d = 55 - 50. Let h(q) = 28*q - 31. What is the units digit of h(d)?
9
Suppose -10 = -2*t + 2*w + 26, -2*w = 10. Let q = t - 13. What is the tens digit of q + -2 - 60/(-2)?
2
What is the tens digit of 1/(-3) + 24/18 + 426?
2
Suppose d - 5*c - 231 = 0, -4*d - 608 + 1532 = 5*c. What is the hundreds digit of d?
2
Let g = 614 + -121. What is the tens digit of g?
9
Suppose 12*o = 9*o + 171. Suppose 3*j + 0 = o. What is the tens digit of j?
1
Suppose -9*i + 7454 = -6865. What is the thousands digit of i?
1
Let q be (-258)/(-7)*252/18. Suppose 686 = 4*l - 3*f - 2, 3*l = f + q. What is the units digit of l?
2
Let x = 242 - 144. Let z = x + -71. What is the tens digit of z?
2
Let c be 1/(3/6 - 0). Suppose -u - 2*d - 4 = 0, 0 = -3*u + c*d - 5 + 1. What is the units digit of (-55)/(-6) + u/12?
9
Let v be -3 - (-55)/20 - (-18)/8. Let m(h) = 6*h**3 + h**2 - 3*h - 3. What is the units digit of m(v)?
3
Let d(j) = -j**3 + 15*j**2 - 17*j + 13. Let p be d(15). What is the hundreds digit of (-63)/42*p/3?
1
Let w = -1039 + 1130. What is the units digit of w?
1
Let y = 54 + -34. Suppose y = -6*p + 11*p. Suppose 0 = p*c - 21 - 15. What is the units digit of c?
9
Let c(d) = 2*d**2 - 15*d + 50. Let z be c(15). Suppose 8*j = 13*j - z. What is the tens digit of j?
5
Suppose -3*p - 9*m + 193 = -8*m, -2*p - 2*m + 134 = 0. What is the units digit of p?
3
Suppose o + 0 = 5. Suppose 0